2) + 0?
0
What is -10 + 15 + 3 - (-1 + -2)?
11
What is the value of -9 - (-10 + (-7 - -6))?
2
Calculate 4 + 1 + 0 + -1.
4
Calculate 5 + -5 + 3 + -8 - -3.
-2
What is the value of 2 - ((-3 - -9) + -10)?
6
What is 4 - 2 - -3 - (-39 + 39)?
5
What is the value of 3 + (-8 + 7 - (1 + 2))?
-1
3 - 6 - 4 - -12
5
What is the value of -20 + 2 + 6 + (-2 - -6)?
-8
What is the value of (-1 - -3) + (-2 - (3 + -4))?
1
What is the value of 3 - (3 - (7 - 5))?
2
6 + (8 - 10 - 3)
1
Calculate (10 - 2) + -6 - 3 - -1.
0
-1 + (8 + -13 - (-1 + 4))
-9
Calculate (-46 - -47) + (-1 - -4).
4
What is the value of 33 + -28 + -10 + 1 + -1?
-5
What is -2 + (-3 - -5 - 0) - 2?
-2
Calculate 6 + -9 - (-1 + -7).
5
-4 - ((-10 - -5) + 2)
-1
0 + -1 + -2 + 1 + 0
-2
What is the value of -12 + 18 + (-9 - 6)?
-9
Evaluate -2 + (-8 - (-8 - -4)).
-6
Calculate (-3 - 7) + -26 + 43.
7
Evaluate 1 - (3 + (2 - 1)).
-3
Evaluate 3 + -7 + 8 + 0.
4
Calculate 0 + (1 - 6) - (-22 - -16).
1
What is 1 + 2 + -6 + 6?
3
Calculate (-3 - 0) + 4 + 4 + -3.
2
What is -13 + -9 + (20 - 4)?
-6
-1 - -1 - (-27 + 27)
0
Evaluate -10 + -1 + 5 - -11 - 4.
1
-1 + (1 - 0) + -4
-4
(-3 - -3) + 35 + -36
-1
What is the value of -8 - 0 - -5 - -7?
4
Evaluate -6 + 0 + 2 - (-1 + -5).
2
What is (4 - (6 + -2)) + 1 + -1?
0
What is 3 + 1 - (31 + -30) - 6?
-3
Calculate -9 + 3 - (0 + -2).
-4
What is the value of 2 - -4 - (6 + -2)?
2
Calculate -4 + (-2 + 2 - -12).
8
What is the value of 5 + -3 + -6 - -4?
0
-5 - (10 - 6 - 10)
1
What is the value of (2 - 1) + -14 + (-6 - -19)?
0
Evaluate 2 + -1 + 11 + (-6 - -1).
7
Calculate (-1 - ((-3 - -2) + 0)) + -1.
-1
Calculate 4 - (0 + 4 + (-10 - -14)).
-4
Evaluate (-1 - (5 - 3)) + -1 - -2.
-2
0 - (0 + -6 + 4)
2
Calculate 8 + -9 + 0 - -1.
0
Calculate 2 + -6 + (4 - 1) - -1.
0
What is (-5 - -1) + 1 - -1?
-2
Evaluate (2 + -10 - -6) + 1.
-1
-2 - ((-2 - 1) + -2 + 0)
3
What is the value of -1 + 3 + 5 + -6?
1
Evaluate (0 - -2) + 3 + -1.
4
What is 2 - (2 - 3 - (2 - 1))?
4
Calculate 18 + -16 + (-1 - -2).
3
Evaluate (-4 - (-6 + 7)) + 3.
-2
Calculate -4 + 4 + 0 + -3 + -2.
-5
2 - (2 - 3) - 2
1
What is the value of -4 + (-4 - (0 + 0 - 8))?
0
1 + (0 - 4) + -5 + 8
0
128 - 117 - (11 + -1)
1
Evaluate 10 - (7 - (-2 - -3)) - -3.
7
Calculate -1 + -4 + (-3 - (-4 + -2)).
-2
What is 5 - ((-5 - -4) + 1)?
5
Calculate 1 + (15 - (2 + 10)).
4
Calculate 32 + -37 - (-12 + (-4 - -1)).
10
What is the value of -6 - (2 + -7 - 0)?
-1
What is the value of 7 + (2 - (1 + 9))?
-1
Calculate -5 - (-7 + (1 - 9)).
10
Calculate (4 + -9 - -4) + -3.
-4
What is (2 + -3 - -5) + (-12 - -3)?
-5
(0 - -2) + 13 + -13
2
Calculate 0 - (2 - (6 + (-2 - 2))).
0
What is 0 + -5 + -9 - -7?
-7
What is 9 - (0 - -1 - 3 - -6)?
5
Evaluate (0 - 5) + -13 + 22.
4
What is the value of -1 + 1 + 1 - 5?
-4
-6 + 1 - (-9 + (-1 - -4))
1
Evaluate -3 + (-4 - -6) - (1 - 0).
-2
Calculate 9 + -3 + -2 + -2.
2
-5 - 2 - (-7 + 5 + -1)
-4
Evaluate 7 - 2 - 3 - -1.
3
-2 + 3 + 7 + -1
7
Calculate 10 + -2 + -14 - 1.
-7
0 - 2 - (10 - 13)
1
Evaluate (-6 - (-3 + -5)) + (-1 - 1).
0
Calculate 11 + (-6 - (10 - 1)).
-4
Calculate 11 - ((1 - 3) + 7).
6
-2 + 1 - (-3 - -3)
-1
-1 - ((-34 - -29) + (11 - 0))
-7
Calculate (2 - -1) + (37 - 36) + -2.
2
Calculate 5 - (-1 + (-5 - (-12 + 4))).
3
0 - (-7 + 0 - (25 + -27))
5
Evaluate 3 + (-3 - 0) + 0 + 2.
2
Evaluate -3 - 1 - (0 - (0 + -1)).
-5
(-2 - 2) + (14 - (0 - -15))
-5
Calculate -2 + (-7 - (2 + -9)).
-2
Calculate 0 + -2 + 2 + -3 + 1.
-2
-5 + (-2 - (0 + 3 - 5))
-5
Calculate -10 + 8 + (0 + 1 - 3).
-4
Evaluate -4 + (1 - -5) + -6.
-4
Evaluate -3 + 4 + 6 - 2.
5
What is (10 + -1 - 2) + -6?
1
What is the value of 1 + 5 + -5 + -6 + 1?
-4
Evaluate 9 + 1 + -5 + -7.
-2
What is the value of 2 - 5 - -2 - (-4 - -5)?
-2
(-4 - (-1 - 0)) + -3 + 9
3
What is (-6 - -1) + (-6 - -4)?
-7
5 + 1 + 0 + -2
4
Calculate 8 - (-1 + -3 - -9).
3
What is the value of (-1 - -4) + (5 - 6) + -6?
-4
-9 + 4 - (-1 + -4 + 3)
-3
Calculate (4 - 0) + -8 + 0.
-4
What is -5 + 9 + -1 + -2 + -1?
0
What is the value of (13 + -8 - 17) + 10?
-2
Calculate -7 + (-3 - -3) - (4 - 6).
-5
Evaluate 3 - 1 - 7 - -6.
1
-4 - (4 - (3 - (3 + -5)))
-3
Evaluate 2 + 0 - (0 - -4).
-2
(0 - -2) + -9 + -1 + 4
-4
Evaluate 1 - (-4 + 7 + -6).
4
What is the value of -13 + 15 + 6 + -14 + -1?
-7
What is 5 + (1 - -4) + -6 + -5?
-1
Evaluate (0 - -6) + -11 + 1.
-4
1 - 2 - (-25 + 29)
-5
What is 4 + (-11 - (-1 + 4 - 5))?
-5
What is the value of 3 - (-1 + (-3 - -5) - 4)?
6
What is the value of (4 + 0 - 4) + -4 - -3?
-1
4 - (-2 - 1) - (2 - 0)
5
Calculate -1 + (-3 + 10 - 5).
1
Calculate -1 + (-1 - -12) + (-68 - -67).
9
Calculate 0 - (1 + 4 - (2 - 1)).
-4
What is -3 + (2 - 0) + 1 + -1?
-1
Evaluate -5 - (1 + -1) - (-3 - -3).
-5
What is 8 + -12 + 3 + -1?
-2
5 + 1 - (12 - -2 - 9)
1
What is the value of (13 - 3) + (-13 - -2)?
-1
What is the value of (1 - -1) + -4 - (8 - 10)?
0
What is 0 - (3 + -7 - -4)?
0
Calculate (0 - 0) + 0 - 1 - -5.
4
1 + 7 + 0 + (352 - 362)
-2
What is the value of -5 + -6 + 17 + (2 - 4)?
4
What is the value of -3 + (-6 + -1 - (-15 + 10))?
-5
What is -10 + 19 - (5 - 0) - -4?
8
What is the value of (-18 - (-14 - -1)) + 9?
4
What is the value of -9 - (-3 - (0 - -3))?
-3
What is 2 - 2 - (1 + 4)?
-5
What is the value of -10 - -10 - (-2 - 4)?
6
Calculate (0 - -4) + -5 + (-18 - -15).
-4
What is 6 - (8 - (7 + -1))?
4
Evaluate (-1 - -4) + 19 + -21 - -3.
4
1 + -10 + (14 - -1)
6
What is the value of -9 + 7 - (2 - 5 - -4)?
-3
Evaluate 6 + (5 - (-1 + 5) - 2).
5
Evaluate 6 - 1 - (4 + -3 - 1).
5
Calculate -28 - -11 - -2 - -11.
-4
Evaluate -2 - (-5 - (-5 - -6)).
4
(5 - 8) + (-3 + 1 - -1)
-4
What is 2 - ((2 - -1) + 0) - -1?
0
What is 10 - 1 - (-89 + 91)?
7
What is (1 - 2) + (2 - 4)?
-3
Evaluate -4 - (7 + (-6 + 7 - 6)).
-6
(0 - -10) + -10 + -4 + 3
-1
Calculate 1 + -7 + -16 + 22.
0
What is -3 + 19 + -5 + 6 + -8?
9
What is -10 + (2 - (5 + -10))?
-3
What is the value of (-347 - -346) + 2 + (0 - 0)?
1
9 + -6 + (-1 - -1) - 3
0
What is 1 + ((-5 - 7) + 5 - -11)?
5
What is the value of 0 - (0 - (0 - -1 - 9))?
-8
Calculate -3 - (-3 + 0 + (83 - 82)).
-1
What is -4 + (2 - (12 + -5)) + 5?
-4
Calculate (-5 + 5 + -3 - -5) + 2.
4
What is the value of 2 + ((0 - 5) + 5 - -3)?
5
Calculate -3 - (9 + -13) - (3 + 0).
-2
Calculate 4 + (-3 + 4 - 4) + -4.
-3
Calculate 0 + -11 + 2 + -7 + 7.
-9
Evaluate 13 + (-12 - (-6 + 1)).
6
-7 - (-3 + -2 + 3)
-5
What is 1 + -2 + 4 + 0?
3
-20 - -17 - (-3 + -5)
5
Calculate 2 - (-9 - -5) - (2 - -1).
3
What is the value of (2 - 8) + (-10 - (-5 - 6))?
-5
What is the value of 0 + (-6 + -1 + 3 - -2)?
-2
Evaluate -2 - (9 + 0 + -6) - -3.
-2
Evaluate 2 + 2 - 6 - 0.
-2
Calculate -17 + 9 + 8 + (-1 - -7).
6
Calculate -6 + 17 + -3 + -2 + -2.
4
71 + -77 - (1 - 0 - 8)
1
Calculate -8 - (-4 + 3 - 6).
-1
-20 + 9 - -3 - (-1 - 3)
-4
12 - (-7 - (-22 - -10))
7
Evaluate 5 - (-5 - -4) - 2.
4
What is the value of -4 - ((4 - 6) + -7)?
5
Calculate 0 - -3 - (3 + (4 - 7)).
3
What is -3 + 3 + -1 - (-24 - -32)?
-9
What is the value of (-25 - -35) + 3 + -17?
-4
What is -5 - (-5 - 2) - -1?
3
21 - 12 - (0 - -5)
4
29 + -32 - ((-1 - -2) + -7)
3
What is the value of 10 + 0 - 2 - (9 + -7)?
6
What is the value of -4 - (-4 + (1 - 6))?
5
Evaluate -7 + 8 + (-7 - -3).
-3
What is 1 + (5 - (6 + -4 + 6))?
-2
What is -14 + 15 - (1 + 7)?
-7
What is (-5 - -8 - 8) + 0?
-5
Calculate -5 + 6 - -4 - 15.
-10
Calculate -3 - (-4 - -1 - (10 + -7)).
3
What is the value of -20 - -11 - -8 - 5?
-6
(12 - (0 + 4) - 4) + -3
1
Calculate (-1 - 1) + -7 + (5 - -5).
1
(-17 - -14 - -8) + (0 - -1)
6
What is (-5 + 8 - 2) + 0?
1
-2 - 0 - (-3 - -6)
-5
What is -6 + 16 - (0 - -10)?
0
(-4 - -1) + -1 + 1 + 4
1
What is the value of (-4 - (-2 - (4 + -5))) + 8?
5
What is the value of 1 - (2 - ((3 - 5) + -1))?
-4
Evaluate 10 + (1 - (-14 + 20)).
5
-2 - (7 - 13 - -3)
1
Evaluate 6 - (5 - (-4 - -8)) - 15.
-10
Calculate -18 + 11 + -12 + 11.
-8
What is the value of (-4 + 0 - (7 - 11)) + 0?
0
What is the value of (-2 - (2 + -7)) + -2?
1
What is the value of (2 - 2 - -2) + 7 + -10?
-1
Calculate -5 - ((3 - 8) + -3 + 2).
1
Calculate (4 - 8 - 2 - -1) + 5.
0
What is -1 + 0 + (4 - 6) + 3?
0
Evaluate 5 - 1 - (-4 + 4).
4
What is -2 - 2 - (10 - 14) - -6?
6
Evaluate 3 - (-4 + 2) - 1.
4
What is the value of (18 - 9) + -13 + 10?
6
What is -10 + 9 + 2 + -1?
0
(4 + -1 - -2) + (8 - 14)
-1
Evaluate (1 - 1) + (15 - 14 - 3).
-2
What is